
9
What is the value of -2 + (-3 - (-5 + 5))?
-5
What is the value of (-26 - -21) + (1 - (-2 + 2))?
-4
What is the value of -7 - (4 + -9) - 5?
-7
What is -4 - ((-6 - -19) + -17)?
0
Evaluate (-2 - -3 - (6 - 6)) + -6.
-5
What is the value of (-2 - -2) + 1 - 5?
-4
Evaluate 10 + (-19 - -6 - -5).
2
Calculate 0 + (4 - 5 - -3) + 0.
2
What is -5 + 0 + 0 + 0?
-5
What is 1 + -6 - ((-34 - -24) + -2)?
7
What is the value of 11 - -1 - (-156 + 163)?
5
What is the value of -9 + (2 + -2 - -4)?
-5
Calculate 1 - (-1 - -1) - (25 - 21).
-3
What is -3 - (-5 - (-2 - 0)) - 1?
-1
Calculate -5 + 6 + -2 + -3 + 5.
1
Calculate -7 - (-11 + 11) - -3.
-4
-3 - (-1 - (-1 - 1))
-4
Calculate 2 - (0 + -8 + 8).
2
Evaluate (-5 - -9) + -11 + 2.
-5
1 + (-5 - -4) + 4 - 3
1
What is 3 + -2 + (4 - 3)?
2
Evaluate -3 - (-7 - -1) - 1.
2
What is the value of 4 - (-7 - -12) - (0 - 3)?
2
Calculate 5 - (-6 + (21 - 6)).
-4
Evaluate 3 + -8 + 4 + 2 + -3.
-2
What is -3 + (-8 - -13) + 3?
5
What is -2 + (0 - (2 - 2))?
-2
What is -6 - -3 - (1 + -8)?
4
What is the value of 0 + 6 + 0 + 3 + -1?
8
Evaluate (-2 - -3) + -3 - (6 - 6).
-2
Calculate -13 + 5 + (21 - 10).
3
Evaluate (3 + -2 - -7) + -5.
3
-1 + 0 - ((-1 - -7) + -11)
4
-3 - 2 - 4 - -12
3
Evaluate 1 + -1 + (6 - 3).
3
4 + 3 - 19 - -8
-4
What is the value of -9 - (1 - 2) - (-1 - 3)?
-4
-13 + 13 + 5 - (-1 - -2)
4
Evaluate -5 + (2 - -15 - (1 + 5)).
6
Evaluate -5 + -10 + -4 + 15.
-4
What is (-2 + 2 - -2) + (-4 - 3)?
-5
Calculate -14 - -10 - (1 - 6).
1
9 + -5 + (-8 - -3) - 2
-3
What is -3 - -1 - -4 - (0 - 5)?
7
What is the value of (67 - 64) + (-1 - 11)?
-9
4 + (2 - 4 - -10) + -8
4
-3 + 5 + -2 + -2 + 1
-1
What is 7 + (-4 - (5 - 8) - 1)?
5
What is -17 - -19 - (-1 + 0 + 5)?
-2
What is the value of (2 - (-5 + 6)) + -5 + 8?
4
What is the value of 6 + (1 - 8) - 5 - 0?
-6
Calculate -5 + -2 + (-8 - -6) - -4.
-5
What is -2 + 1 + -2 - (1 + -1)?
-3
Calculate (3 - 10) + -6 + 6 + 2.
-5
What is 4 + 3 + -5 + -1 + -4?
-3
4 + 7 + -3 + -4
4
6 + 1 - (-25 - -28)
4
-5 + (-1 + 0 - -7)
1
What is the value of (0 - 1) + (7 - 9)?
-3
Evaluate (-3 + 3 - -7) + 0 + -5.
2
Evaluate (-5 - -15 - 6) + 0 + 1.
5
-1 + (0 - 1) - (100 + -105)
3
Calculate -1 + 1 - (-6 + 1).
5
What is 0 - (8 - ((-5 - -15) + -5))?
-3
Evaluate 10 - (3 - -3) - 5.
-1
-1 - (-7 - (5 - 17))
-6
Evaluate 7 - (-3 + -2 - (4 + -24)).
-8
What is the value of 2 - 6 - ((2 - 1) + -5)?
0
What is the value of 0 - ((0 - -1) + 2 + -3)?
0
What is 141 + -138 - (-2 - -2 - -5)?
-2
Evaluate 5 - (0 + (7 - 6)).
4
What is -2 + (-2 - 2) - -13?
7
Evaluate -1 + 2 + (-2 - (-2 - -2)).
-1
Calculate -2 - (2 - 4) - -3.
3
19 + -15 + (-1 - 2 - 2)
-1
Evaluate -14 + 4 + 6 - (-3 - 1).
0
Evaluate 7 + -24 + 8 - -5.
-4
What is 8 + -4 - 8 - -8?
4
What is -8 + (-2 - -7 - 1)?
-4
What is 6 + -18 - -3 - -7?
-2
(11 - (8 + 2)) + -3
-2
Evaluate -25 - -18 - (-1 + 2 + -3).
-5
What is the value of 0 - (-2 - -3 - 3)?
2
Evaluate -2 + 0 + (-4 + 3 - 0).
-3
Evaluate -6 + (-8 - (-16 - -5)).
-3
Evaluate (2 - 5) + 4 - -3.
4
What is the value of 4 + 5 + (-16 - 1)?
-8
What is the value of -3 + (-3 - -4 - -2) + -2?
-2
What is -4 - ((-4 - -1) + 6 - 13)?
6
What is the value of (1 - 0) + 3 + -5?
-1
What is the value of 1 + (-4 - -4 - -5 - 4)?
2
11 + (2 - 7) - (-2 - -3)
5
What is -34 - -24 - (0 + -6)?
-4
(5 - 1) + -3 + 2 + 1
4
7 + 1 - (97 - 95) - 4
2
What is the value of -8 - -2 - -13 - 8?
-1
Evaluate (2 - 12) + 9 + -1 + 3.
1
Evaluate 5 + -2 + -6 - 1.
-4
Calculate 0 + -4 - (15 - 18) - 3.
-4
Evaluate 2 + (9 - 4) + -6 + -1.
0
5 + (-10 - (-3 + (-1 - 1)))
0
Evaluate (-3 - -5) + (0 - (-4 - -2)).
4
Evaluate -3 - (-2 + (-3 - -4) + -6).
4
Evaluate -1 - (-1 + 1) - 2.
-3
59 + -55 + (-2 - -1)
3
(1 - 6) + (-13 - -12) + 9
3
What is the value of 1 - (-7 + (-5 - -6) + 2)?
5
Evaluate 3 - 0 - (1 - (0 + -5)).
-3
-8 + 1 + (1 - -2)
-4
What is 2 + 5 + (-5 - (0 + -2))?
4
1 - (2 + -1 - -1)
-1
Calculate -5 + 1 + 0 - -3.
-1
Calculate (7 - (-5 + 6) - 6) + 5.
5
Evaluate (-7 - 4 - -3) + 5 - -14.
11
-8 + -1 - (-10 - 1)
2
Calculate -2 + 2 + (3 - 4) + 3.
2
What is the value of 2 + (-1 - -6) + -14?
-7
Evaluate (-2 - (12 - 10)) + -1.
-5
Calculate (2 - 5 - 2) + (5 - 4).
-4
Evaluate 1 + 3 - (-5 + 11).
-2
Calculate (-16 - -11) + (5 - 0).
0
Calculate -21 - -19 - (2 - (2 + -4)).
-6
Calculate 5 + -4 - (0 + -2 + 5).
-2
Calculate 2 + 0 + (1 - (3 - 3)).
3
Evaluate 0 - (2 + -1 + 4 + -1).
-4
Calculate 7 - 5 - 2 - -1.
1
What is (1 - 1) + -8 + 8?
0
6 - (6 + 8 + -10)
2
What is 5 + -1 - 0 - 8?
-4
6 + -14 + 6 + -2
-4
What is -8 + -4 + (14 + -4 - 4)?
-6
What is 30 + -37 + 14 + (0 - 2)?
5
What is -10 + 7 + 8 + -5?
0
What is -1 - (6 + -2 + -5)?
0
Calculate 5 - (7 + 2 + -3 + 0).
-1
Calculate (10 - 8 - -4) + -8.
-2
Evaluate -4 + 9 - -3 - (1 + 1).
6
What is 13 - 9 - (-2 - -7)?
-1
20 - 19 - (-3 - 1)
5
Evaluate 6 - (-8 + 19 - -1).
-6
-2 + 2 + -10 + 6
-4
Calculate 16 + -11 - (1 + 0 + 1).
3
Calculate -1 + (-2 - 1 - (-4 + 2)).
-2
What is the value of -1 + (-2 - 1) + 0 - -6?
2
What is the value of 4 + 4 + -5 - 0?
3
What is 5 - (2 + -4) - 6?
1
Calculate (-2 - -17 - 30) + 6.
-9
Evaluate -4 - (7 + -8) - 1.
-4
Calculate (11 - (0 + 4)) + -8.
-1
Evaluate 5 - (-11 + 9 - -15).
-8
3 - 4 - -2 - 5
-4
-1 + 9 + -11 + 0 + 2
-1
What is -3 - (-2 - (-4 - -3))?
-2
-2 + -5 + (6 - -1)
0
(-2 - -1 - 1) + 5
3
What is the value of -4 + 1 + 5 + 3?
5
Calculate 9 + 1 + (-3 - 6 - -6).
7
What is 12 + (11 - 19) - 9?
-5
What is -5 - -2 - (-4 + 1 + -2)?
2
Evaluate 16 + -11 + -16 + 4.
-7
1 - (-3 - (1 - 4))
1
What is the value of (-3 - -4) + -9 - -13?
5
What is the value of -3 - (-3 + -3 + 0)?
3
What is the value of -10 + 10 - 9 - -5?
-4
What is the value of (-1 - -2) + -5 - (18 + -17)?
-5
What is the value of 7 + -6 + -3 - -7?
5
1 - (3 + -5 + 8 + -9)
4
3 - -2 - (-21 + 23)
3
Calculate 5 - (1 + (0 - -4)) - 1.
-1
What is (0 - -1 - (8 - -1)) + 4?
-4
Evaluate -2 + -3 - (-4 + 2 - -2).
-5
Calculate -6 + -7 + 7 - -5.
-1
Calculate -6 + 4 + 0 + -1.
-3
Calculate (4 - 4 - -2) + -4.
-2
What is the value of 2 - (-1 + 4 - -1 - 3)?
1
What is the value of -2 + (2 - (-3 + (4 - 1)))?
0
Calculate -2 + 1 + (-10 - (-3 + 1)).
-9
Calculate -5 - (3 + -8 + -4 + 6).
-2
What is the value of (-8 - -4) + 0 - -3?
-1
What is the value of 2 + (2 - -2 - 3)?
3
Evaluate (-15 - -18) + 1 + -1.
3
Calculate -7 + (-3 + 5 - -5).
0
What is the value of 3 - (-6 - (1 - 6))?
4
What is the value of -6 + 2 + 2 + (1 - 0)?
-1
Calculate 3 - (-5 - (-8 - -4)).
4
What is the value of 12 + -10 + 1 + (-4 - -5)?
4
Evaluate -15 - (0 - (15 - 5)).
-5
Calculate -1 - (-5 - (0 + -1)) - -1.
4
Calculate (-10 - -2) + 1 + 2 + 1.
-4
Calculate 0 - (-1 + (-2 - 1)).
4
What is -3 - -11 - (12 - 9) - 12?
-7
Calculate -3 + 5 - (0 + (6 - 2)).
-2
Evaluate -15 - ((-6 - 9) + 6).
-6
What is 2 + 1 + 1 + -4?
0
What is the value of 1 - (4 + -6 + 0)?
3
3 + 4 + -3 - (-3 - -10)
-3
What is 1 + 0 - (-82 + 78)?
5
Calculate 7 + (-6 - (-2 + 4)) - 0.
-1
4 + 0 - (-4 + (-1 - -12))
-3
22 + -21 - (-2 + 2 + 5)
-4
Calculate -12 - -12 - (0 - 6).
6
Calculate 0 - (13 - 11 - (3 - 6)).
-5
What is the value of -5 - (-2 + 3 + (-2 - -1))?
-5
Calculate 18 + (-8 - -5) + -9.
6
What is (1 - (-8 - -13)) + 2 + 0?
-2
What is the value of 0 + (-3 + 0 - -2)?
-1
Calculate -4 + (-3 - 0 - -6) - -2.
1
(4 + -3 - 0) + -3
-2
Evaluate 9 - (-2 + 5) - 7.
-1
What is the value of -5 + 3 + 0 + -1 + -1?
-4
-1 + (-4 - -3) - 0
-2
Evaluate (3 - -1) + -4 + 1.
1
Evaluate (11 - 0) + 74 + -77.
8
What is the value of 125 + -130 - (-1 + -1)?
-3
What is the value of 5 + 1 + -5 + 0?
1
Calculate 4 + 5 + -2 - 5.
2
What is -5 + 9 + -3 - 0?
1
(2 + -9 - -6) + 1
0
Calculate -2 - (3 - -1 - 8).
2
What is the value of -33 + 34 + (0 + 0 - 1)?
0
What is -3 + (4 - 1 - 5)?
-5
3 - (-3 - (-19 + 6))
-7
What is the value of -5 - (2 + (8 - 10))?
-5
Calculate 5 + -8 + -1 + 7.
3
Evaluate -3 + (0 - ((-5 - -2) + -3)).
3
Calculate -1 + (8 - (7 - 3)).
3
Calculate -1 - (0 + -2) - 4.
-3
(4 - 8) + 0 - -4
0
0 + 1 + -3 + 1 + -4
-5
Calculate -14 + 16 - -7 - 4.
5
What is 2 + -2 - 3 - 3 - -4?
-2
-9 + 1 + 10 + -6
-4
What is the value of -9 - (5 - (1 - -4 - -5))?
-4
Evaluate -1 - -1 - (-2 + 7 + -5).
0
Evaluate -1 + (-1 - 3 - -3).
-2
3 + 7 + -17 + 4
-3
What is -1 + -3 + (6 - 14 - -6)?
-6
What is the value of -3 + -2 + (-1 + 2 - 0)?
-4
What is the value of 8 + -7 + 4 - 3?
2
Calculate -11 - ((3 + -7 - -2) + -1).
-8
Evaluate 5 + -10 + -4 + 4